ose 0*r + r - 4 = 0. Let g be 3/(-1) + r - -3. Let t(j) be the third derivative of j**4/24 - j**3/3 - 22*j**2. Determine t(g).
2
Let c(y) be the third derivative of 0 - 1/8*y**4 - 1/20*y**5 - 2/3*y**3 + 19*y**2 - 1/120*y**6 + 0*y. What is c(-3)?
5
Let m be 17 + -22 + (-14)/(-2) - -4. Let h(z) = z**3 - 7*z**2 + 4*z - 9. Determine h(m).
-21
Suppose 3*q - 141 = -156, 22 = 2*f - 2*q. Let c(v) = -v**2 + 7*v - 6. Give c(f).
0
Suppose -4*o + 18 = -2*i, 3*o - 16 = -10*i + 12*i. Let x(z) be the third derivative of 6*z**o + 0 + 0*z**3 + 1/12*z**4 + 0*z. What is x(2)?
4
Let h(a) = a**2 + 6*a - 10. Let s = 31 - 29. Suppose s*r - 9 = 5. Suppose v + r = -1. Give h(v).
6
Suppose -5 - 7 = -12*a. Let y(v) = 0 - a + v + v - 4*v. Give y(-6).
11
Let f(n) be the third derivative of n**7/1260 - n**6/180 - 2*n**5/5 - 9*n**2. Let i(v) be the third derivative of f(v). What is i(3)?
8
Let j be 2*4/(11 - 3). Suppose 2*f = f + j. Let c be (-1 - f*-4)*1. Let w(n) = -n**2 + 3*n - 4. Determine w(c).
-4
Let h(a) = -a**2 - 12*a + 20. Let l = 343 - 356. Calculate h(l).
7
Suppose -8*a + 4*a + 24 = 0. Let n(b) = 2*b + 17. Let f be n(-7). Let o(g) = -3 - 7*g**f + 4*g**2 - 8*g**3 + 16*g**3 - 10*g**2. What is o(a)?
-3
Suppose -4*a = 4 + 4. Let n be ((-16)/4)/(-4 - a). Let y(l) = l**3 - 2*l**2 - l - 1. What is y(n)?
-3
Let t(j) be the third derivative of -j**6/120 + j**5/10 - j**4/3 + 4*j**3/3 + 29*j**2. Determine t(6).
-40
Suppose -p - 25 = -3*r - 0*r, 0 = -2*p - 8. Let j(h) = 13 + 41*h - 17*h - 4 - 26*h. Calculate j(r).
-5
Let c(a) = a + 12. Suppose -3 = x + 3*w, 26 = 4*x + 3*w + 29. What is c(x)?
12
Let n(f) = f**2 - 7*f + 6. Let y = 58 - 35. Let q(u) = 17*u - 2. Let j be q(-1). Let h = j + y. Calculate n(h).
-6
Let a be (-1)/(-1)*-28*(-2)/8. Let h(m) = 3*m - 1. Let l(x) = x. Let c(t) = a*l(t) - 3*h(t). Give c(4).
-5
Let q(y) = 17*y + 15*y + 2 - 34*y. Give q(3).
-4
Let u(y) = 3*y**2 - 5*y + 3. Let j(a) = a + 22. Let d be j(-10). Let v(t) = 0*t**2 + d*t**2 - 11*t + 3*t**3 + 1 - 4*t**3 + 2. Let r be v(11). Calculate u(r).
15
Let j(i) = -2*i**2 - i + 5. Suppose 0 = 11*y - 201 + 234. Determine j(y).
-10
Let p(q) = q**2 - 3*q - 5. Suppose 4*v - 18 = -5*k + 6*k, -4*v - 6 = 3*k. Determine p(k).
49
Let u(p) = -p**2 + 2. Let o(g) = 2*g**2 - 6*g - 6. Let y(s) = -o(s) - 3*u(s). What is y(-6)?
0
Suppose -4*a = a - 10. Let p(u) be the third derivative of u**4/6 - u**3/3 + 680*u**2. Give p(a).
6
Let p(w) = -9*w - 1. Suppose m - 180 = -175. Calculate p(m).
-46
Let o(r) be the first derivative of 3*r**4/4 - r**3/3 + 3*r**2/2 + 2*r - 46. What is o(-2)?
-32
Let d(l) = 23*l**2 + 1. Let u be (4/(-18))/((-54)/243). What is d(u)?
24
Let y(u) = 3 + 4 + 7*u**3 + 2*u - 3 - u**2. Let i(d) = 13*d**3 - 3*d**2 + 4*d + 9. Let s = -5 + -2. Let m(k) = s*y(k) + 3*i(k). What is m(-1)?
9
Let f(w) = 5*w + w**2 - 2*w + 10*w + 3*w + 38 + 0. Give f(-12).
-10
Let b(a) = 15*a**2 - 6*a + 1. Let w(g) = -g**2 - g. Let m(f) = -b(f) + 6*w(f). Suppose -21*i - 59 = -80. Calculate m(i).
-22
Let s(p) = 38*p**2 - 68*p**2 + 29*p**2 - 16*p. What is s(-16)?
0
Let r = -8 - -12. Let k(l) = -11*l**3 - l**2 - l + 4. Let a(c) = 32*c**3 + 3*c**2 + 3*c - 11. Let i(q) = r*a(q) + 11*k(q). Let o = -9 - -8. Calculate i(o).
-7
Let x(r) = -3*r**2 - 3*r - 3. Let j(q) = -4*q**2 - 3*q - 3. Let t = -19 - -21. Let w(v) = t*j(v) - 3*x(v). Let g be 2 - 0 - (6 - 1). Determine w(g).
3
Let t(i) = 2*i**2 - 2*i. Suppose 4*x = w - 16 - 6, -4 = x. Let z(b) = w*b - b**2 + 3*b + 1 - 8*b. Let s(l) = t(l) + 3*z(l). Determine s(3).
-3
Let g(z) = z**3 + 3*z**2 + 3*z + 10. Let y be g(-4). Suppose -5*i + 3*d + 109 = -0*d, -86 = -4*i + 2*d. Let w = i + y. Let j(k) = -2*k**2 + k. Calculate j(w).
-6
Let y be (6 + -6)/((-2)/(-2)). Let f(b) = -7*b**2 + 2*b - 6. Let m(a) = 0 + 7*a + 3*a**2 + 3 - 8*a. Let n(i) = 2*f(i) + 5*m(i). Determine n(y).
3
Let o(m) = -4*m**2 - 2*m + 3. Let x be (-9)/15 + (-264)/110. What is o(x)?
-27
Let c(w) = -4*w**2 + 3286 - 3286. Give c(2).
-16
Let t(f) = -12*f + 16. Let q(p) = p + 5. Let d(k) = -3*q(k) + t(k). Determine d(-2).
31
Let s(d) = d**3 - 9*d**2 - 10*d - 6. Let m be ((-1)/2)/((-2)/40). Let p be s(m). Let g(i) be the first derivative of i**4/4 + 7*i**3/3 + 3*i**2 - 1. Give g(p).
0
Suppose -5*i - 10 = 5*z, 0*z + 5*z + 13 = -4*i. Let n(r) = -3 + i + 6*r. What is n(1)?
6
Let u be 1/(-4) - (-42)/8. Let k(r) = -r - 30. Let d(b) = 24. Let h(i) = 4*d(i) + 3*k(i). What is h(u)?
-9
Let a(l) = 3*l**2 + l - 37. Let d(k) = k**2 - 13. Let o(f) = -6*a(f) + 17*d(f). Calculate o(-5).
6
Let a(l) be the second derivative of -l**4/12 + l**3 - 2*l**2 + 14*l - 1. Let w = -8 - -13. What is a(w)?
1
Suppose 0 = -3*h - 6, 4*l - 3*h - 4 = 22. Suppose 5*g - 18 = -5*k - 3, 0 = -g + l*k + 27. Let m(p) = -3 + g*p**2 - 6*p**2 + 7*p - 3*p + 0*p. Give m(-5).
2
Let g(p) = 2*p - 2 + 1 - p. Suppose -2 - 4 = -a. Let u = a + 0. What is g(u)?
5
Let w(j) = 3*j**2 + 7*j + 7. Let m(t) = t**2 + t. Let s(v) = -4*m(v) + w(v). Calculate s(5).
-3
Let f(j) = 2*j**2 - 4*j + 2. Let z be (-16)/6 - 2/(-3). Let c = 1 - z. Suppose 10 = c*u + 2*u. Calculate f(u).
2
Let q(h) = -141 + 3*h - 145 + 279. Determine q(-5).
-22
Let k be 20/(-25) + 260/(-50). Let l(w) = -4*w + 1. Determine l(k).
25
Let j(w) = -4*w - 1. Let s(y) = y**2 + 23*y + 27. Let l be s(-22). Give j(l).
-21
Let p(l) = -5 - 6*l - 3 + 0*l + 2. What is p(-6)?
30
Let y = 55 + -64. Let w = 11 + y. Let s(d) = 3*d - 3*d - 3*d + 3. Give s(w).
-3
Let k be ((-92)/(-8) + -7)*(-4)/(-6). Suppose p - k*v = -10, 5*v - 13 - 2 = 2*p. Let y(h) = h**2 - 5*h + 7. Give y(p).
7
Let s(z) = -2*z**3 + 5*z**2 - 4*z - 3. Let b(o) = o**3 + 2*o + 2. Let v(m) = b(m) + s(m). Suppose 0 = 2*d + d - 12. Give v(d).
7
Let o(b) be the second derivative of -b**5/4 + b**4/12 - b**3/6 - b**2/2 + 15*b + 2. Give o(-1).
6
Let x(g) = 11*g**2 - 3*g + 2. Let v(l) = -9*l**2 + 2*l - 1. Let d(w) = 6*v(w) + 5*x(w). What is d(2)?
2
Let w(f) = -f**3 + 4*f**2 + 6*f - 4. Let n be 10 - (-6 + 2)/4*-5. Calculate w(n).
1
Let j(m) = -m. Let r(z) = -9*z + 3. Let v(g) = 6*j(g) - r(g). Suppose 32 + 0 = 8*x. What is v(x)?
9
Let h(n) be the first derivative of -n**3/3 - n**2 + 8*n - 392. Calculate h(3).
-7
Let y(c) = -3*c**2 + 2. Suppose 8*i = 4*i + 3*l + 27, 2*i = 5*l + 31. Suppose -2*j - i = -7. Calculate y(j).
-10
Let c = -4153 - -4159. Let w(r) be the second derivative of r**5/20 - 7*r**4/12 + 3*r**3/2 - 5*r**2/2 + r. Give w(c).
13
Suppose 0 = 3*j, 4*u + 172 = -0*j + j. Let d = 38 + u. Let l(g) be the first derivative of g**2/2 + 2*g - 1. Give l(d).
-3
Let d(l) be the second derivative of l**5/20 + l**4/4 - 2*l**3/3 + 3*l**2/2 - l. Let v be d(-4). Let u(n) = -n**3 + 3*n**2 + n + 1. What is u(v)?
4
Let b be ((-4)/10)/(1/(-5)). Let c(l) = -4*l**b - 6 + 2*l**3 - 2*l**3 + l - l**3 - 4*l. Let i be 1*((16 - 4)/(-4) + -1). Calculate c(i).
6
Let p(t) = t**2 - 3*t - 2. Let h be p(4). Let z(y) = 2*y**3 - 2*y**2 + 3*y - 1. Let a be z(h). Let k = 7 - a. Let x(u) = u**2 + 5*u - 7. What is x(k)?
-1
Let k(d) = 3*d**2 + 3*d - 2. Let z be k(2). Let i = -16 + z. Let n(u) = -u**3 + i*u**2 + 5*u**2 - 2*u + 0*u**3 + 3*u. Determine n(5).
5
Let n(i) = -4*i - 3. Let d = 14 - 8. Suppose 0 = -5*y + d*y - 24. Let l = -28 + y. Determine n(l).
13
Suppose -661*g - 162 = -607*g. Let k(i) = 5*i**2 - 3*i - 2. Let f(z) = 4*z**2 - 2*z - 2. Let p(t) = -4*f(t) + 3*k(t). Calculate p(g).
-4
Let s(o) = 2*o - 9. Let i(k) = 2*k**3 + 13*k**2 + 12*k + 43. Let g be i(-6). What is s(g)?
5
Let a(c) = -c**3 + 6*c**2 - 1. Let w(g) = -5*g**3 + 31*g**2 - 5. Let l(q) = 11*a(q) - 2*w(q). Give l(4).
-1
Let l(h) = -2*h**2 - 9*h + 15. Let z be (-1)/(1/(-20)*-4). What is l(z)?
10
Let b(v) be the first derivative of v**3/3 - v**2/2 + 3*v - 1. Let z(s) = s + 3. Let h be z(11). Let a = h - 14. Determine b(a).
3
Let b be (1/3)/((-21)/(-6930)*11). Let l(p) = -p**2 + 8*p - 13. Give l(b).
-33
Let k(m) be the third derivative of -m**4/12 + 13*m**3/6 - 202*m**2. Calculate k(7).
-1
Let j(i) = -2*i**2 - i + 1. Suppose -8*c = -5*c - 9. Let d(g) = -g**3 - 5*g**2 - 6. Let l be d(-5). Let o be l*(c - 32/12). Calculate j(o).
-5
Suppose -124*r = -127*r + 6. Let c(l) = -l**2 + 2*l. Determine c(r).
0
Let m be (1 - -30) + (7 - (0 - -4)). Let l(z) = z - 13 - 16 + m. What is l(-7)?
-2
Let p be 1*(-2)/3*9. Let f(n) = -n**2 - 6*n - 2. Let d(b) = -4*b**2 - 25*b -